est common factor of 1687612 and 945157.
2357
Calculate the greatest common divisor of 328 and 68832768.
328
Calculate the highest common divisor of 17840645 and 1070.
535
Calculate the highest common divisor of 434232 and 5832.
72
Calculate the greatest common factor of 1525 and 229538425.
1525
Calculate the highest common factor of 26806209 and 155523.
3309
Calculate the highest common factor of 2900 and 182346925.
725
Calculate the greatest common factor of 60235 and 18830.
35
What is the highest common divisor of 298433210 and 590?
590
Calculate the highest common divisor of 684 and 10837524.
228
What is the greatest common factor of 1755460 and 940?
20
What is the highest common divisor of 135267 and 189453?
33
What is the highest common factor of 28644 and 328972?
868
Calculate the highest common divisor of 7 and 130988963.
7
What is the greatest common factor of 3936 and 10851224?
328
What is the greatest common factor of 4732 and 433412?
28
Calculate the highest common factor of 1469065 and 104.
13
Calculate the greatest common factor of 102910200 and 600.
600
What is the highest common factor of 43778 and 4023859?
413
Calculate the highest common factor of 75332 and 138084.
148
What is the highest common divisor of 380864 and 448?
64
Calculate the highest common factor of 429 and 8065083.
39
Calculate the highest common factor of 20 and 73947380.
20
Calculate the highest common divisor of 210573069 and 4373.
4373
What is the greatest common divisor of 73842825 and 75?
75
Calculate the highest common factor of 334715388 and 298.
298
What is the highest common factor of 2765 and 1784125?
35
Calculate the highest common divisor of 2991 and 6037832.
997
What is the highest common divisor of 13423 and 9207?
31
Calculate the greatest common divisor of 486132 and 33.
3
Calculate the highest common divisor of 1287 and 473967351.
1287
Calculate the highest common factor of 24086337 and 9735.
1947
What is the highest common divisor of 209 and 43988417?
11
Calculate the highest common factor of 27 and 594075.
3
What is the greatest common divisor of 13368539 and 4149?
461
What is the highest common divisor of 35678194 and 4?
2
What is the highest common factor of 251133 and 2328?
291
What is the highest common factor of 1031305 and 23375?
935
Calculate the greatest common factor of 5280 and 3562372.
44
What is the highest common factor of 4868224 and 2605?
521
Calculate the greatest common factor of 800 and 895280.
80
Calculate the highest common divisor of 31213 and 1880473.
49
Calculate the highest common divisor of 156 and 13991627.
13
Calculate the greatest common divisor of 1070826 and 66.
6
What is the greatest common divisor of 9136 and 987565056?
9136
What is the greatest common divisor of 1284108 and 480?
12
Calculate the greatest common divisor of 96 and 56923424.
32
Calculate the highest common divisor of 13352 and 4056.
8
What is the highest common factor of 576796 and 308?
44
What is the highest common factor of 86900 and 12395416?
3476
What is the greatest common factor of 56135 and 1016425?
545
Calculate the greatest common divisor of 406 and 8825396.
58
Calculate the greatest common divisor of 871 and 8013278.
13
What is the highest common factor of 110055 and 12906795?
3795
Calculate the highest common divisor of 222 and 10639276.
74
What is the greatest common factor of 18457186 and 44?
22
Calculate the greatest common factor of 406 and 43103802.
406
What is the greatest common divisor of 3573 and 1999575?
9
Calculate the greatest common divisor of 1658608 and 354472.
472
What is the greatest common factor of 4614854 and 425?
17
What is the greatest common divisor of 94 and 701618?
2
Calculate the greatest common divisor of 114494 and 19646.
38
Calculate the highest common factor of 2628 and 56544.
12
What is the highest common factor of 4584289 and 126755?
101
Calculate the highest common divisor of 50685632 and 384.
64
Calculate the highest common factor of 183322480 and 451.
451
What is the highest common divisor of 94360 and 6176536?
2696
What is the greatest common divisor of 8486035 and 30541?
4363
Calculate the highest common factor of 242 and 4487121892.
242
Calculate the greatest common factor of 13189 and 10185901.
121
What is the greatest common factor of 2058 and 25647139?
343
What is the highest common factor of 515 and 19343915?
515
Calculate the greatest common divisor of 255376 and 682.
22
Calculate the highest common divisor of 385295 and 3187560.
1315
What is the greatest common divisor of 2212 and 1755698?
14
What is the greatest common factor of 34321108 and 5660?
1132
What is the highest common divisor of 6007 and 43803044?
6007
What is the greatest common divisor of 135019052 and 19936?
2492
Calculate the highest common factor of 51057864 and 13.
13
Calculate the greatest common divisor of 289034499 and 39.
39
Calculate the highest common factor of 399276556 and 14.
14
What is the highest common factor of 12505164 and 182532?
3444
What is the greatest common factor of 37377 and 78417?
9
Calculate the greatest common divisor of 244 and 162883481.
61
What is the highest common divisor of 172 and 32645213?
43
Calculate the greatest common factor of 378 and 2864568.
42
Calculate the greatest common factor of 12 and 1759308.
12
Calculate the greatest common factor of 99375 and 144195.
15
Calculate the greatest common divisor of 35976 and 204912.
24
What is the greatest common divisor of 46175 and 446216730?
9235
Calculate the highest common divisor of 1015550 and 3800.
950
Calculate the highest common factor of 7224 and 271502.
602
What is the greatest common divisor of 463665 and 7635?
15
Calculate the greatest common divisor of 365527350 and 216.
54
What is the greatest common divisor of 242349744 and 34944?
4368
What is the greatest common factor of 16450 and 13872614?
658
Calculate the highest common divisor of 1341789 and 1404.
3
What is the highest common divisor of 672 and 440636784?
336
What is the greatest common factor of 75392202 and 426?
426
What is the highest common factor of 57222 and 112200?
1122
Calculate the greatest common factor of 290 and 309208730.
290
Calculate the highest common divisor of 1312792 and 43264.
1352
Calculate the greatest common factor of 143479 and 1295637.
721
What is the highest common divisor of 6330 and 708116?
422
What is the greatest common divisor of 390313132 and 176?
44
What is the greatest common factor of 5714570 and 7443?
827
Calculate the greatest common divisor of 6 and 7405594.
2
Calculate the highest common divisor of 1694 and 778246.
14
Calculate the greatest common factor of 11 and 1270489.
11
Calculate the highest common divisor of 181166768 and 24092.
1268
Calculate the highest common divisor of 2554884 and 24.
12
Calculate the greatest common factor of 256374196 and 8.
4
What is the greatest common factor of 9011 and 852413567?
9011
What is the highest common divisor of 3223292 and 348?
116
What is the highest common divisor of 361172707 and 6986?
3493
Calculate the highest common factor of 664 and 46152.
8
What is the highest common divisor of 3360 and 7453740?
420
Calculate the highest common factor of 18416594 and 17542.
2506
What is the greatest common factor of 83293 and 79716?
511
What is the greatest common factor of 67188 and 583836?
132
Calculate the highest common divisor of 156518394 and 1566.
174
What is the greatest common factor of 1215 and 8474382?
243
What is the greatest common divisor of 770 and 3364580?
10
What is the greatest common divisor of 436884 and 11256?
84
What is the highest common factor of 124 and 1013964244?
124
What is the greatest common factor of 1765660 and 3380?
260
What is the highest common factor of 2314080 and 4240?
80
Calculate the greatest common factor of 85862385 and 37.
37
What is the greatest common factor of 38192 and 68156?
44
What is the greatest common divisor of 3692897 and 9386?
247
Calculate the highest common divisor of 330 and 31114380.
330
Calculate the highest common divisor of 9262068 and 371.
53
Calculate the greatest common factor of 2584978 and 22.
22
Calculate the highest common divisor of 792 and 4971384.
792
Calculate the greatest common divisor of 422464 and 22058.
82
What is the gr